88. What is the thousands digit of j?
4
Suppose 37*p = 25*p - 27972. Let n = -1104 - p. What is the tens digit of n?
2
Let u(l) = l**2 - 4*l + 14. Let j be u(6). Suppose j*v - 1368 = 24*v. Suppose v = 5*c - 91. What is the units digit of c?
5
Suppose 795 = 2*n + 3*n. Suppose -o + n - 7 = 4*u, 0 = -4*o. Suppose 14*s = 13*s + u. What is the tens digit of s?
3
Let p(q) = 24*q**2 + 7*q + 13. Let t be p(-3). Suppose -11*l - d = -15*l + t, 3*d = -2*l + 104. What is the units digit of l?
2
Let t(r) = -34*r + 193. Let j be t(5). Suppose -j*c - 412 + 2666 = 0. What is the tens digit of c?
9
What is the hundreds digit of 440/(-66)*(-2)/((-8)/(-12588))?
9
Let o be (2 - 3)*(-3 + 3). Suppose o = l - 5*l + 1404. What is the units digit of l?
1
Suppose -5*z + 32029 = -o + 36, 5*z - 32003 = -4*o. What is the units digit of z?
9
Let n = -638 + 10486. What is the hundreds digit of n?
8
Let t(q) = q**2 - 14*q + 26. Let b be (1 - 59)*(55/10 + -5). Let u = b + 45. What is the tens digit of t(u)?
5
Let t(j) = j**3 + 38*j**2 - 7*j - 263. What is the units digit of t(-35)?
7
Suppose -79*w + 119*w - 3220720 = 0. What is the thousands digit of w?
0
Suppose 2*b = -5*q + 3392, 2*q - 87*b + 92*b - 1361 = 0. What is the hundreds digit of q?
6
Let d(i) = -i**2 + 85*i + 291. What is the tens digit of d(65)?
9
Let a(n) = 5*n**2 + 2*n - 1. Let z be a(-3). Suppose -q - 24 = -5*d, -q - z = q - 5*d. Let s = q + 32. What is the units digit of s?
8
Suppose -5*y = 20, 4*y + 7 = -0*z + 3*z. Let d be 291/(-6)*(z - 5). Suppose -23*h = -25*h + d. What is the units digit of h?
4
Let f(p) = 11*p - 14. Let u be f(1). What is the tens digit of 122/(16/(-6) - u)?
6
Suppose t + 8077 = 2*m - 2796, 0 = m + 4*t - 5414. What is the hundreds digit of m?
4
What is the hundreds digit of 15047 + (-9)/(45/(-35))?
0
Let f(s) = s**3 + 5*s**2 - 3*s - 14. Let r be f(-5). Let i(k) = 160*k - 16. What is the hundreds digit of i(r)?
1
Suppose 6004 + 5384 = -12*d. Let f = d + 1584. What is the tens digit of f?
3
Let r(g) = 29*g + 30. Let z be r(-1). Let d(h) = 1298*h + 7. What is the thousands digit of d(z)?
1
Let h = 6345 + -2075. What is the hundreds digit of h?
2
Let v = -4 - 53. Let i = -55 - v. Suppose -i*g - g + 86 = 2*w, 2*g - 72 = -5*w. What is the tens digit of g?
2
What is the ten thousands digit of 1 + 48280 - (12 + 36/(-3 + -1))?
4
Suppose 2*n - 720 = -304. Let w be -5 - (-19)/(133/(-966)). Let x = w + n. What is the units digit of x?
5
Let l = -1569 + 55. Let t = -681 - l. What is the tens digit of t?
3
Let d be 5 - (-6)/4*2. What is the tens digit of (-15516)/(-96) + 3/d?
6
Suppose d + r - 12 = -2*r, 4 = 2*r. Suppose -8*x + 5*s = -d*x - 27, 2*x - 4*s - 32 = 0. What is the units digit of x?
6
Let b(c) = -c**3 + 5*c**2 + 8*c - 5. Let l(x) = 2*x**2 + 2*x - 5. Let m be l(0). What is the units digit of b(m)?
5
Let s = -933 + 1174. Suppose -10*v + 12*v = -3*g + s, v - g = 123. What is the hundreds digit of v?
1
Let u be 18/8*((-3)/(-9) - -1). Suppose u*y + 537 = 6*y - 4*j, -3*j - 184 = -y. Let w = y - -20. What is the hundreds digit of w?
1
Let v(l) = l - 13*l**3 - 2 + 2*l**2 - l**3 + 13*l**3 + 14*l**2. Let n be -40*(7/(-5) + 1). What is the tens digit of v(n)?
1
Let y(a) = -4*a**3 - a**2 + 17*a + 33. Let o(l) = 2*l - 14. Let x be o(4). What is the hundreds digit of y(x)?
7
Let l(r) = 33*r - 200. Suppose 6*q = 38 + 148. What is the tens digit of l(q)?
2
Let f(c) = -c**2 + 2 + 1 - 10 + 7*c. Let n be f(6). What is the tens digit of 7 - -1*(5 + n)?
1
Let p be (-16)/28 + 1 + (-17)/7. Let x be p + 5 - (-1 + 1). What is the hundreds digit of (-92)/((-12)/x)*5?
1
Let q = -161 - -165. Suppose 5*r - 2810 + 147 = q*g, -r + 541 = 2*g. What is the tens digit of r?
3
Let m = 3561 + -2306. Suppose -m = -8*c + 337. Let d = -34 + c. What is the tens digit of d?
6
Suppose -10 = -5*b, 0 = 4*c + 3*b - 10944 - 9122. What is the units digit of c?
5
Let l(h) = -2*h**2 - 6*h - 3. Let v be l(-1). What is the units digit of v*(-6)/(-24)*356?
9
Suppose 16 = -12*k - 20. What is the units digit of 1633 - (-5)/(k/6 + -2)?
1
Let m = 435 + 70. Suppose 2*g - p + 4*p - m = 0, 5*g = -4*p + 1252. What is the tens digit of g?
4
Let c = 32821 + -15397. What is the ten thousands digit of c?
1
Let y be 1/(6 + (6 - 44778/3732)). What is the units digit of 0 + y - 0/7?
2
Suppose 17*y + 4 = 106. Suppose -y*z + 18*z - 2892 = 0. What is the hundreds digit of z?
2
Suppose 4*d = -5*y + 28345, -5*d + 3599 = y - 2070. Suppose -2*h = 2*o - 2270, 4*h + 3*o - y = -h. What is the tens digit of h?
3
Suppose -61*o = -63*o - 3*c + 130, -o = -2*c - 65. Suppose -7*x + 125 = -2*x. Let f = x + o. What is the tens digit of f?
9
Suppose 2*r = 191 - 193, i - 13154 = -3*r. What is the ten thousands digit of i?
1
Let i be (-1)/(-2)*(7 - -1). Suppose 2*w + 0*c - i*c = -364, 0 = 4*c - 4. What is the tens digit of (2/(-5))/(2/w)?
3
What is the units digit of (-3 - -2) + 0 + 2 - 239666/(-38)?
8
Let x = 87 - 85. Suppose -x*l = -512 - 486. What is the tens digit of l?
9
Let w = -164 - -174. What is the tens digit of 748/w - (-152)/(-190)?
7
Suppose 4*a - 9*y - 113262 = -7*y, -10*a + 283141 = -3*y. What is the ten thousands digit of a?
2
Let l(v) = 76*v - 11. Let o be -1 - (-2 + 4) - 6. Let w(i) = 7*i + 67. Let s be w(o). What is the hundreds digit of l(s)?
2
Suppose 988*f - 1844168 = 930*f. What is the thousands digit of f?
1
Suppose 4*g + t + 4910 = 1270, 5*g - 5*t + 4575 = 0. Let p be 8/44 - g/11. Let w = p - 53. What is the tens digit of w?
3
Suppose 4*g + 26*n = 30*n - 44, 3*n = g + 19. Let c(v) = -v + 8 - 18 - 5*v - v**2 - 5*v. What is the tens digit of c(g)?
1
Let x = 2051 + -1458. Suppose -x = -2*d + 2*n + 65, 0 = 2*n. What is the hundreds digit of d?
3
Suppose -25*n + 30*n + 167 = -4*m, -4*m - 132 = 4*n. Let o = 8 - 1. Let h = o - n. What is the units digit of h?
2
Suppose -126*j + 131*j = -4*d + 248781, 2*j + 5*d - 99492 = 0. What is the tens digit of j?
6
What is the thousands digit of (780472/32 - 5) + 5/4?
4
Let j(g) = -14*g + 6. Let c be j(3). Let i = c + 40. Suppose 3*n + i*l - 252 = 2*l, 2*n - 2*l = 168. What is the units digit of n?
4
Let r be 2/(-11) - (-211)/11. Suppose 252 = 17*y - r*y. Let z = y + 268. What is the hundreds digit of z?
1
Let o(h) = 133*h**3 + 47*h**2 - 188*h - 3. What is the thousands digit of o(4)?
8
What is the hundreds digit of 5 + 4 + 4003194/162 + (-18)/243?
7
What is the ten thousands digit of 35/20*3110*2?
1
Let n = -2415 - -4027. Let r = n - 817. What is the tens digit of r?
9
What is the hundreds digit of (19 - (-981 + -11))*29/3?
7
Let g = -140 + 315. Let c = -182 - -116. Let v = c + g. What is the hundreds digit of v?
1
Let d(a) = 4*a**3 + 183*a**2 + 53*a + 145. What is the hundreds digit of d(-42)?
3
Let y be (19 - 14) + 654/(-1). Let v = y + 871. What is the tens digit of v?
2
Let a(g) = g**3 + 17*g**2 + 9*g + 2. Suppose 2*j - 4*v = -6, -4*j - 4*v - 12 - 24 = 0. What is the hundreds digit of a(j)?
4
Let f = 105 + -91. Suppose 15 - 1 = f*j. What is the tens digit of j/(-3) + 277/3?
9
Suppose 2234*r + 64264 = 2263*r. What is the hundreds digit of r?
2
Let c(d) = -2*d - 2. Let l be c(3). Let r(a) = -2*a**3 - 9*a**2 - 10*a + 37. Let f be r(-3). What is the tens digit of 599/8 - (l - (-315)/f)?
7
What is the units digit of (-2746846)/(-48) - (-295)/7080?
6
Let c(s) = -s**3 - 10*s**2 - 9*s + 7. Let h be 105/(-6) - (-3)/6. Let d = -26 - h. What is the units digit of c(d)?
7
Suppose 0 = 4377*i - 4382*i + 23605. What is the hundreds digit of i?
7
Let n(q) = 5*q + 15. Let s(x) = 4*x + 14. Let l(y) = -2*n(y) + 3*s(y). Let j be l(7). Let u = 99 - j. What is the tens digit of u?
7
Let x be -2*(4 - ((-186)/(-12) + -1)). What is the units digit of (12/x)/(-6 + 9920/1652)?
8
Let q(v) = 55*v + 217. Let w be q(5). What is the tens digit of (16/3 - 5)*w?
6
What is the hundreds digit of 0 + 8597 + -5 + 15 - 3?
6
Let w be 0 - (4/3 + 208/(-39)). Suppose -2*i - i + 9 = 0, -w*i + 861 = 3*u. What is the units digit of u?
3
Let t(f) be the third derivative of 13*f**5/60 - 5*f**4/24 - f**3/6 + 71*f**2. What is the tens digit of t(2)?
4
What is the hundreds digit of (3*3)/(125/102125)?
3
Suppose 4*j = -4*o + 11380, -4*o - 302*j + 11368 = -304*j. What is the thousands digit of o?
2
Let t be 0 + 5 + 4 + -6. What is the tens digit of (-16)/(-24) - 